{"id":37,"date":"2019-10-21T06:56:31","date_gmt":"2019-10-21T06:56:31","guid":{"rendered":"https:\/\/themes.muffingroup.com\/be\/electric2\/?page_id=2"},"modified":"2025-10-29T15:05:34","modified_gmt":"2025-10-29T15:05:34","slug":"sample-page-2","status":"publish","type":"page","link":"https:\/\/constructionatypique.com\/","title":{"rendered":"Accueil"},"content":{"rendered":"<p>[vc_row][vc_column][vc_column_text][jr_instagram id=\u00a0\u00bb2&Prime;][\/vc_column_text][\/vc_column][\/vc_row]<\/p>\n","protected":false},"excerpt":{"rendered":"<p>[vc_row][vc_column][vc_column_text][jr_instagram id=\u00a0\u00bb2&Prime;][\/vc_column_text][\/vc_column][\/vc_row]<\/p>\n","protected":false},"author":2,"featured_media":0,"parent":0,"menu_order":0,"comment_status":"closed","ping_status":"closed","template":"","meta":[],"yoast_head":"<!-- This site is optimized with the Yoast SEO plugin v15.7 - https:\/\/yoast.com\/wordpress\/plugins\/seo\/ -->\n<title>Construction Atypique | R\u00e9novation et construction de maison<\/title>\n<meta name=\"description\" content=\"Construction Atypique, c&#039;est 20 ans d&#039;exp\u00e9rience en construction neuve et en r\u00e9novation en tout genre. Nous vous accompagnons de A \u00e0 Z.\" \/>\n<meta name=\"robots\" content=\"index, follow, max-snippet:-1, max-image-preview:large, max-video-preview:-1\" \/>\n<link rel=\"canonical\" href=\"https:\/\/constructionatypique.com\/\" \/>\n<meta property=\"og:locale\" content=\"fr_FR\" \/>\n<meta property=\"og:type\" content=\"article\" \/>\n<meta property=\"og:title\" content=\"Construction Atypique | R\u00e9novation et construction de maison\" \/>\n<meta property=\"og:description\" content=\"Construction Atypique, c&#039;est 20 ans d&#039;exp\u00e9rience en construction neuve et en r\u00e9novation en tout genre. Nous vous accompagnons de A \u00e0 Z.\" \/>\n<meta property=\"og:url\" content=\"https:\/\/constructionatypique.com\/\" \/>\n<meta property=\"og:site_name\" content=\"Construction Atypique\" \/>\n<meta property=\"article:publisher\" content=\"https:\/\/www.facebook.com\/ConstructionAtypique\" \/>\n<meta property=\"article:modified_time\" content=\"2025-10-29T15:05:34+00:00\" \/>\n<meta property=\"og:image\" content=\"https:\/\/constructionatypique.com\/wp-content\/uploads\/2021\/02\/Construction-Atypique-Partage-facebook.jpg\" \/>\n\t<meta property=\"og:image:width\" content=\"1200\" \/>\n\t<meta property=\"og:image:height\" content=\"630\" \/>\n<script type=\"application\/ld+json\" class=\"yoast-schema-graph\">{\"@context\":\"https:\/\/schema.org\",\"@graph\":[{\"@type\":\"WebSite\",\"@id\":\"https:\/\/constructionatypique.com\/#website\",\"url\":\"https:\/\/constructionatypique.com\/\",\"name\":\"Construction Atypique\",\"description\":\"Une collaboration hors du commun!\",\"potentialAction\":[{\"@type\":\"SearchAction\",\"target\":\"https:\/\/constructionatypique.com\/?s={search_term_string}\",\"query-input\":\"required name=search_term_string\"}],\"inLanguage\":\"fr-FR\"},{\"@type\":\"WebPage\",\"@id\":\"https:\/\/constructionatypique.com\/#webpage\",\"url\":\"https:\/\/constructionatypique.com\/\",\"name\":\"Construction Atypique | R\\u00e9novation et construction de maison\",\"isPartOf\":{\"@id\":\"https:\/\/constructionatypique.com\/#website\"},\"datePublished\":\"2019-10-21T06:56:31+00:00\",\"dateModified\":\"2025-10-29T15:05:34+00:00\",\"description\":\"Construction Atypique, c'est 20 ans d'exp\\u00e9rience en construction neuve et en r\\u00e9novation en tout genre. Nous vous accompagnons de A \\u00e0 Z.\",\"inLanguage\":\"fr-FR\",\"potentialAction\":[{\"@type\":\"ReadAction\",\"target\":[\"https:\/\/constructionatypique.com\/\"]}]}]}<\/script>\n<!-- \/ Yoast SEO plugin. -->","_links":{"self":[{"href":"https:\/\/constructionatypique.com\/index.php\/wp-json\/wp\/v2\/pages\/37"}],"collection":[{"href":"https:\/\/constructionatypique.com\/index.php\/wp-json\/wp\/v2\/pages"}],"about":[{"href":"https:\/\/constructionatypique.com\/index.php\/wp-json\/wp\/v2\/types\/page"}],"author":[{"embeddable":true,"href":"https:\/\/constructionatypique.com\/index.php\/wp-json\/wp\/v2\/users\/2"}],"replies":[{"embeddable":true,"href":"https:\/\/constructionatypique.com\/index.php\/wp-json\/wp\/v2\/comments?post=37"}],"version-history":[{"count":5,"href":"https:\/\/constructionatypique.com\/index.php\/wp-json\/wp\/v2\/pages\/37\/revisions"}],"predecessor-version":[{"id":69,"href":"https:\/\/constructionatypique.com\/index.php\/wp-json\/wp\/v2\/pages\/37\/revisions\/69"}],"wp:attachment":[{"href":"https:\/\/constructionatypique.com\/index.php\/wp-json\/wp\/v2\/media?parent=37"}],"curies":[{"name":"wp","href":"https:\/\/api.w.org\/{rel}","templated":true}]}}